 2*x + 4 - 3*x + 1. Let k be c(2). Give r(k).
5
Let v be (4/8)/(1/2). Let k(x) = -4*x**2 + x - 1. Determine k(v).
-4
Let k(c) = -c + 1. Let b(j) = -3*j + 2. Let z(a) = 2*b(a) - 2*k(a). What is z(3)?
-10
Let j be (-84)/15 - (-6)/(-15). Let r = -11 - j. Let l(m) = -m**2 - 4*m - 4. What is l(r)?
-9
Let m(w) = 6*w. Suppose 0 = -p - 239 + 238. Calculate m(p).
-6
Let z be 3 - -15*((-30)/9 + 3). Let k(a) = a**3 + 2*a**2 + a + 1. Give k(z).
-1
Let w(r) = -r**2 + 9*r - 8. Let c be w(7). Let m(p) = -c + p + 57*p**2 - p**3 - 57*p**2. What is m(0)?
-6
Let q(t) = -t**3 + 3*t**2 - 2*t + 1. Suppose k - 4 - 3 = -2*u, 12 = 4*k. Let r be q(u). Let b be 1*(1 - 0)/r. Let z(w) = 4*w - 1. Calculate z(b).
3
Let k(l) be the third derivative of l**5/60 - l**4/6 - l**3/6 - 3*l**2. Give k(3).
-4
Let a(u) = -10*u**3 - 8*u**2 + 1. Let x(j) = -7*j**3 - 5*j**2 + 1. Let c(p) = 5*a(p) - 7*x(p). Suppose -7*k + 2*k + 5*h = 40, 3*k - 2*h + 21 = 0. Give c(k).
-2
Let g be (-9)/(-3) + 3 + -4. Let r(h) = h**3 - h**2 - 1. Calculate r(g).
3
Let v(p) = -3*p - 10 + 2 - 5*p**2 + 0*p + p**3 - 2*p. Suppose 26 = 3*o - 4*n, -2*o + 2 = -0*o + 5*n. Calculate v(o).
-2
Let a(n) be the first derivative of -n**3/3 - 4*n**2 - 3*n + 4. Give a(-5).
12
Let f(x) = 0 + 4 - 13*x - 7 - 2. Let o(n) = 3*n + 1. Let j(d) = -2*f(d) - 9*o(d). Calculate j(0).
1
Let i(x) = 5*x**3 + x**2 - 1. Let n = -6 - -9. Suppose -n = k + 2*k. Calculate i(k).
-5
Let b(r) = -r**3 + 8*r**2 - 4*r**2 + 3 + 2*r + 0*r**2. What is b(5)?
-12
Let x(f) = f**2 + 5*f + 2. Let b be x(-4). Let j(h) = -7*h - 1. Determine j(b).
13
Let k = 19 - 23. Let c(h) = -3*h + 4. What is c(k)?
16
Let d(j) = -j**2 - 6*j + 10. Let c(i) = 8*i + 1. Let r be c(-1). Determine d(r).
3
Suppose -6*t = 5*j - 2*t + 16, 2*t + 8 = j. Suppose 8*u - 8 = 4*w + 3*u, -w - u + 7 = j. Let i(m) = m**3 - 3*m**2 - 3*m + 4. Determine i(w).
-5
Let b(i) = -11*i - 3. Let o be b(-1). Let j(m) = -6*m - 2*m - 2*m + o*m. Let t(w) = 3*w + 1. Let q be t(-2). Give j(q).
10
Let s(m) = -3*m + m**2 + 3*m + 2. Suppose 4*x + 4*j = -160, j + 0*j = 5*x + 200. Let f be x/(-15) - 4/6. What is s(f)?
6
Suppose -5*o - 5*x = -0*x - 30, -5*o = 4*x - 30. Suppose 0*k - 2*k = -o. Let h(b) = 4*b - 6*b**2 + k*b + b**3 + 1 - 7. Determine h(5).
4
Let g(b) be the first derivative of b**4/4 + 5*b**3/3 + 2*b**2 + 6*b - 4. Determine g(-5).
-14
Let y(x) = 2*x**2 + x - 1. Let i be ((-2)/1)/(-5 + 4). Let v be (i - 1) + 1 + -4. Determine y(v).
5
Let g(h) = -h**2 - 4*h + 7. Let j(l) = -14 + 16 + 0*l + 2*l. Let z be j(-4). Calculate g(z).
-5
Let r(t) = -6*t - 1. Let g = 15 - 2. Suppose b - g = 2. Suppose 7*m = 2*m - b, -2*m - 8 = -2*i. Determine r(i).
-7
Let j(g) = 11*g**3 + 5*g**3 + 2*g**2 - 17*g**3 - 2 + 2*g. Calculate j(2).
2
Let p(n) be the third derivative of -n**6/120 - n**5/12 + n**4/12 + n**3/6 - 2*n**2. What is p(-5)?
-9
Let i be 1/((1/3)/1). Let x(d) be the second derivative of -d**4/6 + d**3/2 + 3*d**2/2 - 3*d. Give x(i).
-6
Suppose 4*y + 2*h = -22, -5*h - 9 = 3*y + 4. Let j(b) = b + 0 - 3 + 6. What is j(y)?
-3
Let x be (4/6)/((-20)/150). Let v(m) = m**2 + 4*m - 4. Give v(x).
1
Let f be 1 + (-2)/(-3)*3. Let d be (4/3)/(38/57). Let y(x) = 0*x**d - x**2 + 0*x**2 + 3*x - 2*x + 3. Calculate y(f).
-3
Let v(l) = -2*l**2 - 3*l. Let d be (((-6)/(-2))/3)/(-1). Let y(x) = x**2 - 1. Let p(f) = d*y(f) - v(f). Give p(-4).
5
Let b(p) be the first derivative of -2*p**3/3 + 3*p**2/2 - p + 17. What is b(2)?
-3
Let i(l) be the first derivative of l**3/3 + l**2 - 8. What is i(-2)?
0
Let w(h) = -3 + 23*h - 9*h**2 - 31*h - 7 + 8*h**2. Determine w(-7).
-3
Let d(l) = -l**3 - 6*l**2 + l + 6. Let b = -42 + 36. What is d(b)?
0
Suppose -3*a - 4*j + 29 = 0, 0 = a - 2*a + 2*j - 7. Let p = a - 2. Suppose -2*l + p = -1. Let s(w) = -2*w - 1. Give s(l).
-3
Let c(s) = s**2 - 6*s + 1. Suppose -3*k - 2*j - 5 = -21, -j + 23 = 4*k. Determine c(k).
1
Let q(y) = y**3 + 3*y**2 + 4*y + 2. Suppose 45 = -6*x + 27. Calculate q(x).
-10
Let f(p) = -p - 4. Let i be f(-5). Let l = 4 - 2. Let w(z) = 1 - 4*z**l + 2*z + 0 - 4*z. Calculate w(i).
-5
Suppose -4*u - 3 + 7 = v, 0 = -5*u + v + 14. Let c = 18 + -13. Let h(r) = -c*r - r**u - 1 + 2*r - r. Give h(-5).
-6
Suppose 3*p = 2*w - 2, p = -5*w - 2 + 7. Let o(g) = g**2 + 8. What is o(p)?
8
Let j(r) = r**3 + 6*r**2 - 6*r + 9. Let h be j(-7). Let l(s) = -3*s + 3 + 2*s**2 + 0*s + 0*s. Give l(h).
5
Suppose -29 = -2*i + 11. Let f be (4/(-10))/((-8)/i). Let p(b) = 8*b**2 + b - 1. What is p(f)?
8
Let p be 29/3 + 1/3. Suppose 3*g = -q + 2*q + 8, q - 5*g = -p. Let z(f) = -f - 2. Let m(t) = t + 1. Let k(d) = 5*m(d) + 4*z(d). What is k(q)?
-8
Let q(f) be the second derivative of 0 + 0*f**2 + 0*f**3 - 1/6*f**4 + f + 0*f**5 + 1/720*f**6. Let k(h) be the third derivative of q(h). Give k(-5).
-5
Let o(k) be the third derivative of -k**4/12 - k**3/3 + 150*k**2. Let d be (3/(-2))/((-3)/6). Determine o(d).
-8
Let m(x) = -3*x. Let c be ((-4)/5)/((-28)/70). What is m(c)?
-6
Let g be (-69)/(-9) - (-1)/3. Let w be 3/(-6) + 12/g. Let c(b) be the second derivative of 3*b**5/10 - b**4/12 - b**3/6 + b**2/2 + b. Calculate c(w).
5
Suppose 1 - 5 = -4*s. Let d(c) = -2*c - 1. Suppose i + 5*q - 16 = -3*i, 0 = 3*i - 4*q + 19. Let p(w) = -w - 1. Let r(b) = i*d(b) + s*p(b). Calculate r(5).
5
Let s(y) be the first derivative of y**2/2 - y + 1. Suppose -3*o - 16 = o. Determine s(o).
-5
Let g(f) = -f**3 + f. Let y(z) = -3*z + 15. Let s be y(5). Give g(s).
0
Let k(r) = 3*r - r + 8*r + r**2 + 11 + 0*r**2. Let z be k(-9). Let c(w) = -3*w - 5 + 4 + 2 + 2. Give c(z).
-3
Let m(q) be the third derivative of q**7/5040 - q**6/360 - q**5/20 - 3*q**2. Let g(z) be the third derivative of m(z). Give g(0).
-2
Let y(a) = 4*a - 4. Let v(p) = -14*p - 53. Let n be v(-4). Determine y(n).
8
Let o(b) = 3*b**2 + 6*b + 4 - 2*b**2 + 0. Let h(m) = -m**2 - 7*m + 3. Let k be h(-8). Give o(k).
-1
Suppose 2*t + 9 - 1 = 0. Let y(k) = -14*k**2 + 4*k - 2. Let v(s) = 11*s**2 - 4*s + 1. Let h(g) = 5*v(g) + 4*y(g). Determine h(t).
-3
Suppose 18*d = 37 - 1. Let y(x) = -3*x + 2. Let i(k) = -k + 1. Let j(p) = 4*i(p) - y(p). Give j(d).
0
Let k = 32 - 45. Let o(x) = -x**3 + 7*x**2 - 8*x + 3. Let i be o(6). Let p = k - i. Let b(c) = c - 2. What is b(p)?
-6
Let o(y) be the third derivative of -y**6/120 - y**5/15 + 7*y**4/24 + 4*y**2. Calculate o(-5).
-10
Let w(l) = -l**2 - 7*l - 3. Let d be w(-6). Let p(t) = -3 - 2*t**3 - 3*t**3 + 3*t**3 - 7*t + 4*t**2 + 3*t**d. Give p(-5).
7
Let v(n) = n**3 - 8*n**2 + 2*n - 5. Let f(d) = -d**3 + 9*d**2 - d + 5. Let j(a) = -3*f(a) - 4*v(a). Suppose 0 = m - 3*m + 8. Give j(m).
1
Suppose 2*v + v = 48. Suppose 0*w - 4*w = -v. Let n(i) = -4 + 2 - 2 + 4*i - i**2. What is n(w)?
-4
Let t(z) be the first derivative of z**6/120 + 2*z**5/15 + z**4/4 - z**3 + z**2 - 1. Let b(m) be the second derivative of t(m). Calculate b(-7).
1
Suppose -c - 2 = 2*q + 2, 5*c + 15 = -5*q. Let h(r) = r**3 + r**2 - r + 1. Give h(c).
-1
Let s = 18 + -25. Let q(z) = -z - 14. Give q(s).
-7
Suppose 10*h - 9*h - 5 = 0. Let p(z) = 4*z**2 - 3*z - 6. Let d(s) = -9*s**2 + 6*s + 13. Let c(y) = -3*d(y) - 7*p(y). What is c(h)?
-7
Let t(h) = 3*h + 3. Let o be (18/(-15))/((-1)/20). Suppose 4*q = -3*w + 6, 2*q + 10 = 4*w + o. Give t(w).
-3
Let l(w) = -w. Suppose 0 = -3*k - 12 + 30. What is l(k)?
-6
Let c be 2/8 + (-7)/(-4). Suppose k + 6 = 3*k. Let t(m) = 3*m**k - 10*m - c*m**3 - m**2 + 2 + 8*m. Give t(2).
2
Let m(b) be the third derivative of b**4/12 + 4*b**3/3 - 2*b**2 + 25. Give m(-8).
-8
Let t(k) = -2*k**3 + 3*k**2 - k - 1. Let m be (-4)/18 + (-342)/(-81). Let h(y) = y**3 + 2*y**2 + y. Let u be h(-2). Let j = u + m. Give t(j).
-7
Let w(t) = t**3 + 2*t**2 - 3*t - 1. Let z be w(-3). Let g(k) = 7*k**3 + 2*k**2 + 2*k + 1. Calculate g(z).
-6
Let j(v) = 4*v**3 + 3*v - 11. Let g(u) = 11*u**3 + 8*u - 32. Let o(y) = -3*g(y) + 8*j(y). Calculate o(0).
8
Let z(l) = -6*l**2 + 2*l. Let o(x) = -6*x**2 + x. Let k(t) = 3*o(t) - 2*z(t). Let c = 9 - 19. Let m(v) = -v - 9. Let r be m(c). What is k(r)?
-7
Let v be (-2)/((1 - 2)/(14/4)). Let z(u) = 2*u - 6. Give z(v).
8
Let r(g) = g**2 - 3*g - 1. Suppose -3 = 3*u + 3. Give r(u).
9
Suppose 0 = -5*w + 4*m - 64, -w + 5*m + 19 = -3*w. Let i = 7 + w. Let o(y) = -4*y**2 - 2 - 5*y + 3*y**2 + 0*y**2. Give o(i).
-2
Let w(d) = 4*d - 43. Let i be w(13). Let q(f) = f**2 - 9